In base 6, what is 0 + -5042?
-5042
In base 14, what is -115 - -1?
-114
In base 7, what is -316 + 35?
-251
In base 10, what is 23 - 181?
-158
In base 6, what is 430 + -11?
415
In base 11, what is 37 - -34a?
386
In base 4, what is 202313 - -3?
202322
In base 16, what is -2 + -14cf?
-14d1
In base 12, what is 5 - -3529?
3532
In base 3, what is 10 - -1212?
1222
In base 9, what is 3 + -12?
-8
In base 14, what is 162 + -1a?
146
In base 16, what is e1 - 3?
de
In base 2, what is -1111 - 11001?
-101000
In base 6, what is -5 + 301?
252
In base 12, what is -24 + -29a?
-302
In base 16, what is 7 + 68?
6f
In base 10, what is 6731 - -4?
6735
In base 6, what is 0 - -50?
50
In base 11, what is 9 - 262?
-254
In base 14, what is 309c - 3?
3099
In base 10, what is 9 + -16?
-7
In base 11, what is -2 - 41?
-43
In base 2, what is 1010101 - -1110?
1100011
In base 12, what is 46bb - 4?
46b7
In base 15, what is -2 + -192?
-194
In base 13, what is 164 + 23?
187
In base 16, what is 99 + -3a?
5f
In base 2, what is 111101110 + 100?
111110010
In base 10, what is 1 - -464?
465
In base 3, what is 0 + 101220111?
101220111
In base 14, what is -81 + 10?
-71
In base 13, what is -177 - -1?
-176
In base 11, what is 2247 + 0?
2247
In base 9, what is -1 + 1314?
1313
In base 2, what is -100 + 11101?
11001
In base 7, what is 4622 - 2?
4620
In base 13, what is 42a - 4?
426
In base 10, what is 4 + -5?
-1
In base 6, what is 2 - 14104?
-14102
In base 4, what is 1130 + 2?
1132
In base 14, what is -170b - -5?
-1706
In base 12, what is 3 - 91?
-8a
In base 2, what is -1000 + -110?
-1110
In base 3, what is 22002 - -10?
22012
In base 8, what is 2 - 3074?
-3072
In base 4, what is 0 + 21313?
21313
In base 7, what is -1 - -121?
120
In base 9, what is 3 - -13?
16
In base 5, what is -1412 + 10?
-1402
In base 6, what is -525 + 2?
-523
In base 12, what is -ba + 11?
-a9
In base 3, what is -201011 - -12?
-200222
In base 14, what is 92c + 2?
930
In base 2, what is -110101000 + -10?
-110101010
In base 13, what is 1a + -2?
18
In base 13, what is -30 + 2a?
-3
In base 15, what is -2 - 1?
-3
In base 5, what is -4 + 1103?
1044
In base 14, what is -a - -1?
-9
In base 16, what is 8 - -b?
13
In base 7, what is -2066 + 4?
-2062
In base 6, what is 22 - 32?
-10
In base 7, what is -10535 + 4?
-10531
In base 10, what is 5 - -165?
170
In base 13, what is -4 + 1?
-3
In base 16, what is 5 + 6d?
72
In base 8, what is -15 - 104?
-121
In base 6, what is -2 + 11525?
11523
In base 14, what is 4 - 4d?
-49
In base 14, what is -d - 11?
-20
In base 10, what is -64 + 78?
14
In base 10, what is -1135 + -3?
-1138
In base 15, what is -2 + -1191?
-1193
In base 14, what is -27b + -1?
-27c
In base 16, what is -d3 + 1?
-d2
In base 10, what is -4 + 4?
0
In base 13, what is -11 + -4?
-15
In base 9, what is 22 + -554?
-532
In base 10, what is -63 - 4?
-67
In base 7, what is -2601 + -2?
-2603
In base 14, what is 1 - a?
-9
In base 2, what is 1010001 - 10110101?
-1100100
In base 13, what is 226 - -1?
227
In base 8, what is 126 - -13?
141
In base 5, what is 20 - 130?
-110
In base 15, what is 5 - 16?
-11
In base 2, what is -10010 - -1111110?
1101100
In base 14, what is -4 - -1a99?
1a95
In base 10, what is 5 + -7?
-2
In base 13, what is 18 + -8a?
-72
In base 3, what is -210 + -21?
-1001
In base 13, what is -25b - -19?
-242
In base 4, what is -3 - 23120?
-23123
In base 15, what is b - ba?
-ae
In base 8, what is -4222 + 5?
-4215
In base 3, what is -12220 + 102?
-12111
In base 8, what is 2 - 4166?
-4164
In base 4, what is 100 + -230?
-130
In base 12, what is 19 + 1?
1a
In base 3, what is -102222 + 10?
-102212
In base 16, what is -13 - -6?
-d
In base 7, what is -14 + 65?
51
In base 8, what is 2520 + 2?
2522
In base 7, what is 2 - -5?
10
In base 16, what is -10 - 67?
-77
In base 3, what is 12020 + -1021?
10222
In base 13, what is 109 + -11?
c8
In base 13, what is 5 - -a1?
a6
In base 16, what is 116 + -c?
10a
In base 13, what is -76 - b6?
-15c
In base 6, what is -10104 + -11?
-10115
In base 7, what is -302 + -4?
-306
In base 3, what is -1212122 - 120?
-1220012
In base 11, what is -748 - 10?
-758
In base 10, what is -4 - 49?
-53
In base 7, what is 33 - -252?
315
In base 5, what is 102041 - -3?
102044
In base 16, what is 29 + 161?
18a
In base 5, what is 314 - -1?
320
In base 16, what is 0 - -b93?
b93
In base 5, what is -1223 - -10?
-1213
In base 9, what is -1 + 125?
124
In base 15, what is 18 + 1?
19
In base 12, what is -13 - 3?
-16
In base 13, what is -342 - 4?
-346
In base 10, what is -16 - -17?
1
In base 11, what is a0 + 12?
102
In base 13, what is 4 + -13?
-c
In base 3, what is -120221121 - -2?
-120221112
In base 2, what is 101 - 1000101101001?
-1000101100100
In base 7, what is -3 - -1221?
1215
In base 12, what is 4 - 1994?
-1990
In base 8, what is -5 + -3?
-10
In base 9, what is -375 - -3?
-372
In base 4, what is 212002 - 1?
212001
In base 4, what is 11 + -1310?
-1233
In base 15, what is 4c - -4b?
98
In base 3, what is -1 + 112010?
112002
In base 10, what is -32 - 14?
-46
In base 6, what is 10 - -3?
13
In base 12, what is -a - -51?
43
In base 9, what is 54641 + 3?
54644
In base 5, what is -341 + -21?
-412
In base 4, what is 1 - 231?
-230
In base 7, what is 1406 + -13?
1363
In base 8, what is 5 - -47?
54
In base 15, what is 5ea - -3?
5ed
In base 5, what is 3 - 1311?
-1303
In base 10, what is -1456 - -1?
-1455
In base 16, what is c2 - 3?
bf
In base 14, what is -1 + -1a?
-1b
In base 8, what is 7104 + 1?
7105
In base 9, what is 5 - 17?
-12
In base 2, what is 11001 + -111000010?
-110101001
In base 2, what is -11000 + 1011?
-1101
In base 9, what is -6 - -2702?
2685
In base 12, what is 1816 - 8?
180a
In base 15, what is -1e + -16?
-35
In base 5, what is 402 + 21?
423
In base 14, what is -249 - 3?
-24c
In base 5, what is 0 + -32433?
-32433
In base 11, what is 7 - 699?
-692
In base 10, what is 2443 + -4?
2439
In base 16, what is 8a + -3f?
4b
In base 5, what is 4 - -1312?
1321
In base 7, what is -10 - -5?
-2
In base 8, what is -16 + -30?
-46
In base 11, what is -1165 + -4?
-1169
In base 11, what is -267 - 1?
-268
In base 15, what is -887c + -2?
-887e
In base 2, what is 11 + 110?
1001
In base 7, what is -1 - 126?
-130
In base 12, what is -5 - -166?
161
In base 14, what is 7 - -315?
31c
In base 5, what is 14 + 24?
43
In base 6, what is -100 + 5?
-51
In base 16, what is a28 - -4?
a2c
In base 9, what is -877 - 4?
-882
In base 7, what is -22 - 24?
-46
In base 13, what is 14 + 7c?
93
In base 4, what is 131 + -2033?
-1302
In base 13, what is 4c5 - -a?
502
In base 3, what is -21 - 21001?
-21022
In base 12, what is -104 - 1?
-105
In base 6, what is -3 + 114?
111
In base 9, what is 507 - -4?
512
In base 15, what is -77 - -2?
-75
In base 12, what is 2a4a + -2?
2a48
In base 8, what is 766 + 0?
766
In base 2, what is 10001001 - -101?
10001110
In base 13, what is -3 - 563?
-566
In base 2, what is 100010 + -1?
100001
In base 3, what is -11120 + 121?
-10222
In base 4, what is 101 + -22?
13
In base 6, what is -5110 - -1?
-5105
In base 16, what is 115 + 3?
118
In base 16, what is -f + -d?
-1c
In base 4, what is 12 + -1113?
-1101
In base 4, what is 3 + -332?
-323
In base 16, what is 4 - -42?
46
In base 13, what is -3 - -44?
41
In base 6, what is 53220 - 0?
53220
In base 13, what is -1 + -6?
-7
In base 4, what is -3 + 2323?
2320
In base 8, what is -1 + 36?
35
In base 14, what is 9dd - 5?
9d8
In base 9, what is -68 - -5?
-63
In base 2, what is 1 + -1110011000?
-1110010111
In base 2, what is -101 + -10?
-111
In base 11, what is -26 + 2a?
4
In base 15, what is -4 + 65?
61
In base 16, what is -276 - 6?
-27c
In base 3, what is 100 + -102?
-2
In base 14, what is 62 + -1?
61
In base 13, what is -25 - 0?
-25
In base 13, what is 12 - 100?
-bb
In base 15, what is 19 + -3?
16
In base 7, what is -4304 + 4?
-4300
In base 5, what is 241 + -3?
233
In base 7, what is 141 - 11?
130
In base 4, what is 313 - -3313?
10232
In base 9, what is 84 - -30?
124
In base 11, what is 43 + 5?
48
In base 8, what is 2247 + 2?
2251
In base 12, what is -2463 - 1?
-2464
In base 13, what is 193 - 0?
193
In base 9, what is 61 + 4?
65
In base 6, what is -221 + 35?
-142
In base 4, what is -10 - -11?
1
In base 3, what is 21000 - -2202?
100202
In base 15, what is 4 - -8c4?
8c8
In base 2, what is -1001 + 1010?
1
In 